3, what is 1 - -4a517?
4a518
In base 15, what is -6c1d + 5?
-6c18
In base 12, what is -842554 - 0?
-842554
In base 10, what is 16446 - 16?
16430
In base 14, what is 26c1 - 11?
26b0
In base 2, what is 100110011110 - -10101?
100110110011
In base 11, what is -94 - -25a1?
2508
In base 4, what is 11 + 1020323?
1021000
In base 3, what is 10 - -12222120210?
12222120220
In base 15, what is 7 - 14cd?
-14c6
In base 10, what is 304472 - -22?
304494
In base 10, what is 138 - 451?
-313
In base 9, what is 2 - -1431268?
1431271
In base 11, what is 18714 - 1?
18713
In base 3, what is 1000120120212 + -2?
1000120120210
In base 13, what is 10 + 2b656?
2b666
In base 10, what is 1572781 - -5?
1572786
In base 14, what is -19 - 539a4?
-539bd
In base 16, what is 4 - -2ba?
2be
In base 3, what is -110 + 10102?
2222
In base 6, what is -141 + -315?
-500
In base 13, what is -2374 - -a2?
-22a2
In base 12, what is 1 + -4588?
-4587
In base 8, what is 4 - -2057?
2063
In base 11, what is 2 + -122161?
-12215a
In base 11, what is -16221 + 34?
-16198
In base 15, what is 4b1065 + -3?
4b1062
In base 6, what is 101114402 - -5?
101114411
In base 12, what is -4 + -7b?
-83
In base 12, what is 0 + 14233?
14233
In base 11, what is 4549 + 155?
46a3
In base 16, what is -2 + -18f70?
-18f72
In base 5, what is -1430443 - 241?
-1431234
In base 4, what is -131221 + 113130?
-12031
In base 13, what is -7b62 + -8?
-7b6a
In base 8, what is -4 + 26131?
26125
In base 10, what is -188 + -130?
-318
In base 7, what is -53022 + -4?
-53026
In base 14, what is -2 - 49c7?
-49c9
In base 6, what is -22115013 - -2?
-22115011
In base 11, what is 2a + 4103?
4132
In base 11, what is 381 - -30?
401
In base 3, what is 1 + -20001211122?
-20001211121
In base 11, what is 77 + 451a3?
4526a
In base 5, what is -43 + 12101?
12003
In base 11, what is -13 + 34504?
344a1
In base 6, what is -155 - 244?
-443
In base 7, what is -24 + -11353?
-11410
In base 2, what is 100 - -1011101010010?
1011101010110
In base 6, what is 5452 + 35?
5531
In base 4, what is 1231 + -100031?
-32200
In base 11, what is 0 - -696?
696
In base 7, what is -653021 + 22?
-652666
In base 6, what is 2441 + 11342?
14223
In base 2, what is -1 + -1011110100111101?
-1011110100111110
In base 16, what is -18903 - -5?
-188fe
In base 10, what is -2604 - 4?
-2608
In base 16, what is -50ae - -8?
-50a6
In base 5, what is 22314 + 1343?
24212
In base 15, what is -5888e + -4?
-58893
In base 10, what is -104 + 315?
211
In base 10, what is 19201 - 0?
19201
In base 16, what is -1 + 1bb6?
1bb5
In base 9, what is 254 - -10?
264
In base 2, what is -1110111101 + 10001001100?
10001111
In base 4, what is -213 + 33?
-120
In base 4, what is -2303332 + 132?
-2303200
In base 8, what is 40360 + -4?
40354
In base 16, what is -2b511 + -5?
-2b516
In base 11, what is 59 + -198?
-13a
In base 5, what is 232323 - -1?
232324
In base 10, what is -4 - -3575?
3571
In base 5, what is -3204 - 44?
-3303
In base 14, what is 3ccc0 - 2?
3ccbc
In base 9, what is 872 - -1542?
2524
In base 11, what is -1008 - 3350?
-4358
In base 7, what is -1 - 202000?
-202001
In base 10, what is 18204 - 2?
18202
In base 2, what is -101001110 + -1000011010?
-1101101000
In base 13, what is -1b7445 + 5?
-1b7440
In base 9, what is -3020 + -25?
-3045
In base 4, what is -121311 - -2222?
-113023
In base 4, what is -12 - -100310031?
100310013
In base 13, what is -95385 + 5?
-95380
In base 2, what is -1000000111011011101 + -11?
-1000000111011100000
In base 3, what is 101 - 120110110?
-120110002
In base 6, what is -5 - -13024?
13015
In base 9, what is -42 - 21316?
-21358
In base 3, what is -221022001 + 2?
-221021222
In base 2, what is -10000100 + -10001000000?
-10011000100
In base 4, what is 3 - -1212321?
1212330
In base 8, what is 61672 - 3?
61667
In base 16, what is 42295 - 0?
42295
In base 12, what is 8b5772 + 5?
8b5777
In base 5, what is 1011 - -3043?
4104
In base 14, what is -242 - 791?
-9d3
In base 13, what is -75 + -1232c?
-123a4
In base 4, what is 11 - -201132033?
201132110
In base 10, what is 3 - -404?
407
In base 5, what is 0 + 20301122?
20301122
In base 5, what is 1223 + 122?
1400
In base 5, what is 344 + 1132322?
1133221
In base 5, what is 10 + -144114432?
-144114422
In base 9, what is -6 + 3773?
3766
In base 9, what is 3588 - 163?
3425
In base 6, what is -1200 + -33231?
-34431
In base 5, what is -2 - -122320?
122313
In base 10, what is -100935 + 3?
-100932
In base 9, what is 264 + -2748?
-2474
In base 13, what is 15560a + 4?
155611
In base 12, what is 8b - -18a3?
1972
In base 10, what is -4083 + -365?
-4448
In base 2, what is 110100010111000 - 100?
110100010110100
In base 5, what is -131 + 101242?
101111
In base 16, what is -4c + -32?
-7e
In base 2, what is 110100000 - -1010?
110101010
In base 11, what is 8572 + 26?
8598
In base 3, what is -11111 + -211102?
-222220
In base 2, what is 11001110110000110 - -100?
11001110110001010
In base 9, what is -80033 + 28?
-80004
In base 14, what is -8 + -416a?
-4174
In base 7, what is 22560 + 4?
22564
In base 4, what is 2112322 + 11?
2112333
In base 11, what is -1222 - -1086?
-147
In base 11, what is 3 - -233a?
2342
In base 5, what is -103421 - 14?
-103440
In base 8, what is 7564 - -6?
7572
In base 2, what is -111000 - -11010101001?
11001110001
In base 16, what is 63ed - -27?
6414
In base 15, what is 3 - -33d59?
33d5c
In base 3, what is 1 + 21112020?
21112021
In base 8, what is 2 + 1357127?
1357131
In base 13, what is 6c12 - 65?
6b7a
In base 8, what is -15030 - 44?
-15074
In base 3, what is 10 - -101121122101?
101121122111
In base 11, what is -29 + 145?
117
In base 8, what is -10 + -165544?
-165554
In base 5, what is -1114431 + -4?
-1114440
In base 7, what is -24250 - 211?
-24461
In base 11, what is -271948 - -1?
-271947
In base 3, what is 2 + 120022002122?
120022002201
In base 5, what is -231 - -2113?
1332
In base 7, what is 1101620 + -3?
1101614
In base 16, what is 2330 + ea?
241a
In base 7, what is 3 + -116325?
-116322
In base 10, what is -1073104 - -3?
-1073101
In base 16, what is 7ca4 + -3?
7ca1
In base 9, what is 2 - 174404?
-174402
In base 15, what is e + -1817?
-1808
In base 6, what is -25533 + 411?
-25122
In base 2, what is 111001110100 + -111?
111001101101
In base 2, what is -110001101 - -110000110?
-111
In base 2, what is -101100111011011 + 1010?
-101100111010001
In base 14, what is -146 + -227?
-36d
In base 4, what is -1311212212 + 11?
-1311212201
In base 2, what is 1101110111 + -1101000010?
110101
In base 6, what is -12 - -53052?
53040
In base 7, what is -31461 + 10?
-31451
In base 5, what is -32031 - 2?
-32033
In base 4, what is 10321113 - -31?
10321210
In base 6, what is -445 + 1323?
434
In base 11, what is 3 - -66304a?
663052
In base 8, what is 4445 + 32?
4477
In base 6, what is 45102 - 15?
45043
In base 6, what is 124140 - -1?
124141
In base 3, what is -1012 + 211120?
210101
In base 15, what is 9 + -4e19?
-4e10
In base 12, what is -15 - 43889?
-438a2
In base 2, what is 101010000111 + -101010?
101001011101
In base 10, what is 438 + -48?
390
In base 5, what is -10041 + 100212?
40121
In base 13, what is 1223 + 0?
1223
In base 6, what is -1 + -211255?
-211300
In base 12, what is -1713 + 130?
-15a3
In base 16, what is -89 - 13?
-9c
In base 9, what is 21 + -1124?
-1103
In base 13, what is 15940 - -1?
15941
In base 6, what is 3 - 325130?
-325123
In base 12, what is 0 - -3917b?
3917b
In base 9, what is 0 + -11030?
-11030
In base 4, what is -2122 + -1110?
-3232
In base 12, what is -26 - -2055?
202b
In base 9, what is 188142 + 4?
188146
In base 8, what is -4 - 24617?
-24623
In base 16, what is 6d7d + -5?
6d78
In base 12, what is 23 - -402a?
4051
In base 4, what is -1213 - 2123021?
-2130300
In base 3, what is -21212 + 20121111?
20022122
In base 9, what is -2 - -18020?
18017
In base 4, what is 21212 - 1303?
13303
In base 8, what is 20 + -175?
-155
In base 2, what is -111001 - 10000000?
-10111001
In base 5, what is 10 - -103224401?
103224411
In base 6, what is -32 + 10303?
10231
In base 12, what is 2 - 5014?
-5012
In base 4, what is 20121 - 312?
13203
In base 13, what is -b19 + -72?
-b8b
In base 16, what is 5 - -3a32?
3a37
In base 4, what is -2230002022 - -10?
-2230002012
In base 13, what is 14bc - -11?
1500
In base 10, what is 25943 + 140?
26083
In base 3, what is 222220